base 3, what is -200 - -11012?
10112
In base 4, what is 2021 - 110?
1311
In base 10, what is 796 - -5?
801
In base 14, what is 3 - 168?
-165
In base 2, what is -10000101101 + 0?
-10000101101
In base 11, what is 1 - 92?
-91
In base 15, what is -169 + -1?
-16a
In base 13, what is -762 + 2?
-760
In base 16, what is 4 + -8?
-4
In base 10, what is 37 + 20?
57
In base 13, what is -1 + -4b4?
-4b5
In base 2, what is 0 + -11000?
-11000
In base 3, what is -10 + 12110?
12100
In base 11, what is 4 + -21?
-18
In base 3, what is 10 + 220?
1000
In base 16, what is -1fd - 0?
-1fd
In base 13, what is 36 + -3?
33
In base 15, what is 4d + -3?
4a
In base 15, what is 2156 - -2?
2158
In base 10, what is -29 - -4?
-25
In base 11, what is -2 - -110?
109
In base 13, what is 0 + 37?
37
In base 9, what is -118 + 3?
-115
In base 14, what is -21 - -3?
-1c
In base 8, what is 164 - -1?
165
In base 9, what is -5 - -116?
111
In base 6, what is -3 + 125?
122
In base 15, what is 11de + -5?
11d9
In base 6, what is -3454 + 0?
-3454
In base 4, what is 2 + 123?
131
In base 8, what is 203 + -4?
177
In base 8, what is -4 + -50?
-54
In base 5, what is -4 + 3202?
3143
In base 7, what is -20562 - 1?
-20563
In base 10, what is -11017 + -3?
-11020
In base 9, what is -261 + -8?
-270
In base 15, what is 1ad + 2?
1b0
In base 13, what is -9b99 - 0?
-9b99
In base 7, what is 5 - -116?
124
In base 15, what is 0 + -1d?
-1d
In base 10, what is -17 + 66?
49
In base 2, what is -11 - 1010111?
-1011010
In base 15, what is -109 + c?
-ec
In base 12, what is -53 + -111?
-164
In base 5, what is -2 - 130?
-132
In base 4, what is 13 - -2130?
2203
In base 4, what is 2 + 0?
2
In base 7, what is 64 - -2?
66
In base 5, what is -202 + -2342?
-3044
In base 10, what is 0 + -56?
-56
In base 12, what is -3 + 108?
105
In base 10, what is -198 + -4?
-202
In base 10, what is 1197 + 8?
1205
In base 16, what is f4 + -1?
f3
In base 6, what is -2 - -135?
133
In base 2, what is -100 - -101000100?
101000000
In base 3, what is 101221 + -2?
101212
In base 16, what is a1 + 1?
a2
In base 9, what is -7 + 54?
46
In base 5, what is -10 + -102?
-112
In base 16, what is -6b + b?
-60
In base 2, what is 1101000000 + -1?
1100111111
In base 12, what is 100 - 4?
b8
In base 14, what is -7 - 12c5?
-12cc
In base 10, what is -2 - -53?
51
In base 16, what is 2 - -1d4?
1d6
In base 8, what is -137 + 33?
-104
In base 8, what is 4605 - -2?
4607
In base 8, what is 6 - 43?
-35
In base 7, what is -235 + -20?
-255
In base 5, what is 1 - -103402?
103403
In base 8, what is 3 + 50?
53
In base 8, what is 5 - -302?
307
In base 8, what is -15006 + 0?
-15006
In base 16, what is 7af - 5?
7aa
In base 15, what is -3 + 181?
17d
In base 2, what is -1 + -11111000?
-11111001
In base 9, what is 30 - -148?
178
In base 2, what is 11000010010 - -11?
11000010101
In base 2, what is 101000111111 + -100?
101000111011
In base 9, what is -57 - -15?
-42
In base 16, what is -a52 + 5?
-a4d
In base 3, what is 11 - -212110?
212121
In base 6, what is -1 - 141?
-142
In base 6, what is 2 - -154?
200
In base 11, what is 1 + 979?
97a
In base 14, what is -27c - b?
-289
In base 6, what is 0 - -455?
455
In base 10, what is -5 - -110?
105
In base 11, what is 101 + 1?
102
In base 5, what is -4 - -240?
231
In base 16, what is 1 - 270?
-26f
In base 15, what is -22 + 9?
-18
In base 6, what is 4332 - 1?
4331
In base 3, what is 1 - -200002?
200010
In base 4, what is -2121 - -1?
-2120
In base 12, what is 3493 + 3?
3496
In base 7, what is -1015 + -3?
-1021
In base 5, what is 120 - -23?
143
In base 15, what is -2 - 242?
-244
In base 6, what is 5 + 1541?
1550
In base 11, what is 327 + 7?
333
In base 3, what is -111 + -2?
-120
In base 3, what is 2 + 1202?
1211
In base 5, what is 0 + 320?
320
In base 16, what is 1d - 34?
-17
In base 13, what is c - -37?
46
In base 9, what is 31 + -48?
-17
In base 2, what is 110 - -1010010011?
1010011001
In base 5, what is 10 + 1134?
1144
In base 13, what is -c + 12c?
120
In base 7, what is 15 + 13?
31
In base 12, what is -1a7 + -65?
-250
In base 11, what is -1a6 + 72?
-134
In base 13, what is 128 + 1?
129
In base 4, what is -22321213 - 0?
-22321213
In base 13, what is -5 + -1804?
-1809
In base 12, what is 93 + 13?
a6
In base 7, what is 14055 + 5?
14063
In base 15, what is 3 - -85?
88
In base 2, what is 1 - -100001111000?
100001111001
In base 7, what is 15212 - -2?
15214
In base 7, what is 20 - 113?
-63
In base 3, what is -2 + -121100?
-121102
In base 10, what is -3 + 24?
21
In base 9, what is -2 - 2764?
-2766
In base 2, what is 100011 - 1000000?
-11101
In base 16, what is -717 - -8?
-70f
In base 8, what is -20111 + 1?
-20110
In base 5, what is -1 + -402?
-403
In base 15, what is -1 + 2c9?
2c8
In base 10, what is -1 + 100?
99
In base 4, what is -1003302 + 2?
-1003300
In base 9, what is -481 + -1?
-482
In base 9, what is 22 + -625?
-603
In base 11, what is 3 - -12a?
132
In base 12, what is 6 + -17a?
-174
In base 9, what is 3 - -112?
115
In base 2, what is -1011 - 1011?
-10110
In base 13, what is -11 - 11?
-22
In base 13, what is -23b9 - -3?
-23b6
In base 14, what is 2 + -a2?
-a0
In base 9, what is 12 - -503?
515
In base 3, what is 1222222 - 10?
1222212
In base 8, what is 40711 - 4?
40705
In base 13, what is 7783 + -4?
777c
In base 16, what is -445 - -5?
-440
In base 12, what is -5 + 494?
48b
In base 3, what is -2 - 202022?
-202101
In base 7, what is 5531 + -3?
5525
In base 8, what is 5 + 24?
31
In base 9, what is -248 + 4?
-244
In base 6, what is 5 + 1424?
1433
In base 4, what is 2 + 12111?
12113
In base 7, what is 435 - 115?
320
In base 16, what is -16c2 + 3?
-16bf
In base 3, what is -120 - 1?
-121
In base 13, what is 11 + -77?
-66
In base 4, what is 12 + -2323?
-2311
In base 3, what is -11 + 1101?
1020
In base 3, what is -202 - -21?
-111
In base 3, what is -10111 + -11020?
-21201
In base 8, what is 0 - 115?
-115
In base 13, what is -96 - -6?
-90
In base 4, what is -10 - 3331?
-10001
In base 12, what is -44a + 2?
-448
In base 12, what is 4 - -7a?
82
In base 9, what is -161 + 3?
-157
In base 16, what is -4 - -de?
da
In base 10, what is -266 + 2?
-264
In base 4, what is -1 + -100021?
-100022
In base 16, what is -3 + 470?
46d
In base 10, what is -234 - -5?
-229
In base 3, what is -11201 - 121?
-12022
In base 9, what is -5 + 2827?
2822
In base 10, what is -4 + -1544?
-1548
In base 9, what is 108 - 14?
84
In base 5, what is 1 + -1112?
-1111
In base 12, what is 528 + -5?
523
In base 3, what is 2 - -1120111?
1120120
In base 11, what is 4 - 33a8?
-33a4
In base 11, what is 34 + -2?
32
In base 10, what is 12 + -16?
-4
In base 14, what is -a0 + -1?
-a1
In base 6, what is -1314 - 0?
-1314
In base 8, what is -517 - 3?
-522
In base 13, what is 29 + -b6?
-8a
In base 9, what is 3 + 54?
57
In base 16, what is -5 - -106?
101
In base 10, what is 5 - -696?
701
In base 7, what is 1 + -101?
-100
In base 10, what is 46 - -9?
55
In base 16, what is 4 - 198c?
-1988
In base 4, what is -112012 - -3?
-112003
In base 3, what is 11 + 12020?
12101
In base 11, what is 1 + 0?
1
In base 15, what is b - 1213?
-1207
In base 4, what is 11 - -212?
223
In base 16, what is -22 + -13f?
-161
In base 10, what is -162 + 7?
-155
In base 14, what is 10 + -23?
-13
In base 15, what is -4 + -477?
-47b
In base 13, what is 679 - 2?
677
In base 10, what is -217 + 28?
-189
In base 10, what is 214 - -1?
215
In base 13, what is 6a - 1?
69
In base 3, what is 10 - 1122001?
-1121221
In base 7, what is 303 - -23?
326
In base 9, what is -5314 + 1?
-5313
In base 13, what is -134 + -5?
-139
In base 4, what is -30 - -233?
203
In base 16, what is -4 + -4?
-8
In base 16, what is 58 + 8?
60
In base 5, what is 112 + 4?
121
In base 11, what is 420 + 2?
422
In base 11, what is -42 + 1?
-41
In base 13, what is 7 + b3?
ba
In base 14, what is -438 - -2?
-436
In base 15, what is 30 - ec?
-bc
In base 13, what is -75 - 10?
-85
In base 10, what is 4 + -99?
-95
In base 16, what is -c7 + -5?
-cc
In base 7, what is 2 - -1555?
1560
In base 12, what is -4 - 198?
-1a0
In base 4, what is -33030 - -3?
-33021
In base 16, what is 4c + -40?
c
In base 16, what is -24e + 2?
-24c
In base 3, what is -210000011 - -2?
-210000002
In base 12, what is 4 + 272b?
2733
In base 9, what is 48 + -12?
36
In base 12, what is 99 - 6?
93
In base 15, what is 6 - -4a1?